3, what is 21010002021001 + -11?
21010002020220
In base 3, what is -2 + 10220200021000?
10220200020221
In base 4, what is 22110101 + 2202011?
30312112
In base 3, what is 1121021002000 - 20020?
1121020211210
In base 16, what is -1e0 - 1902?
-1ae2
In base 12, what is -14886603 - 0?
-14886603
In base 11, what is -7 - -6001344?
6001338
In base 5, what is -21402324 + 44003?
-21303321
In base 7, what is -350 + -243362?
-244042
In base 4, what is -2220122211 + -11?
-2220122222
In base 5, what is 2011432 - -22133?
2034120
In base 10, what is -19761 - -1772?
-17989
In base 2, what is -110100100 + 111000101010100110?
111000100100000010
In base 7, what is -434165604 + -1?
-434165605
In base 10, what is 73325 + -147?
73178
In base 13, what is 17701 + -290?
17441
In base 15, what is 297747 - -121?
297868
In base 13, what is b5a5243c + 3?
b5a52442
In base 16, what is c + -6b10?
-6b04
In base 4, what is -31101003 + -22221?
-31123230
In base 6, what is 3 - 244505534?
-244505531
In base 6, what is -23 + -4043432?
-4043455
In base 15, what is -44a1 - -204?
-429c
In base 2, what is 11010001111 - 1110100110111?
-1011010101000
In base 4, what is -11123 - -2120310?
2103121
In base 5, what is -231442204 + 204?
-231442000
In base 10, what is 6528044 + 1?
6528045
In base 13, what is -7 - 3b25b87?
-3b25b91
In base 13, what is a3ac64 - -121?
a3b085
In base 16, what is -4e5df + -475?
-4ea54
In base 8, what is 0 - 7530045?
-7530045
In base 3, what is 1101021 + 21210020?
100011111
In base 3, what is 20 + 220001112010?
220001112100
In base 6, what is 3 - -514214205?
514214212
In base 3, what is 11111101201022 - -2?
11111101201101
In base 14, what is -b + 7dcd9?
7dccc
In base 2, what is -101011011101101001 + -101?
-101011011101101110
In base 7, what is -2 - -100110633?
100110631
In base 4, what is -300033122 + 22301?
-300010221
In base 7, what is -113 + 134603325?
134603212
In base 10, what is -675095 - 62?
-675157
In base 11, what is -153 - -20949?
207a6
In base 2, what is 10000000100 + -100100110000110000?
-100100100000101100
In base 9, what is 41522307 + 4?
41522312
In base 10, what is 86818 - -33?
86851
In base 15, what is -29d328 + 85?
-29d293
In base 4, what is 21 + 22200333?
22201020
In base 15, what is -2322d0 + 3?
-2322cc
In base 10, what is 7488 - 1441?
6047
In base 2, what is -100101101101 + 1010011001010011?
1001110011100110
In base 13, what is 1284 - 1719?
-465
In base 10, what is 5 - -40210644?
40210649
In base 14, what is -186a0 - a1?
-18761
In base 7, what is 116562 - -132605?
252500
In base 10, what is -114380 - -231?
-114149
In base 6, what is -52454 + 15252?
-33202
In base 5, what is -20 - 233133332?
-233133402
In base 6, what is 123021211 + -100?
123021111
In base 11, what is -78a344 - -17?
-78a328
In base 6, what is 4523431 + -14?
4523413
In base 7, what is 553350 - 4164?
546153
In base 5, what is -1231131034 + -24?
-1231131113
In base 13, what is -53c26 - 49?
-53c72
In base 11, what is 2335 + -1a3877?
-1a1542
In base 15, what is ad64 - 9ce?
a385
In base 7, what is 3063 - 15243?
-12150
In base 16, what is -9295 - -2695?
-6c00
In base 16, what is 2f - -d2f90?
d2fbf
In base 14, what is 2 - a12512?
-a12510
In base 10, what is 65 + -979152?
-979087
In base 2, what is -11011110111101110010110 - 101?
-11011110111101110011011
In base 6, what is 4255 - 10434024?
-10425325
In base 16, what is 1c73 - 1b3cf?
-1975c
In base 11, what is 432 + -26a9?
-2277
In base 12, what is 572 - -459?
a0b
In base 4, what is -200123201030 - 0?
-200123201030
In base 14, what is 2507 + 385c?
5d65
In base 14, what is 3c590bc - -4?
3c590c2
In base 11, what is 5 - -5247537?
5247541
In base 3, what is -10021012012110202 - 21?
-10021012012111000
In base 8, what is 16 + -133051214?
-133051176
In base 16, what is -8 - -2ecbc1?
2ecbb9
In base 10, what is -10 + 1904075?
1904065
In base 15, what is 310d - -aa2c?
db3a
In base 7, what is -1 + -36564164?
-36564165
In base 2, what is -11111001100110110 - -1001111?
-11111001011100111
In base 4, what is 101200020133 - -201?
101200021000
In base 11, what is 1595924 - 7?
1595918
In base 8, what is -50 + 165704055?
165704005
In base 9, what is -1504857 + 2?
-1504855
In base 9, what is 4 - 887311860?
-887311855
In base 6, what is -2311042241 - -1?
-2311042240
In base 14, what is 3bb0 - -169a0?
1a770
In base 9, what is -1 + -41488252?
-41488253
In base 7, what is 5656 - 2525512?
-2516523
In base 8, what is 4646507 + -100?
4646407
In base 7, what is -2 + -532361543?
-532361545
In base 15, what is 183d9d + 6?
183da4
In base 8, what is -41270 - -404?
-40664
In base 8, what is -12123245 - 0?
-12123245
In base 12, what is 3b48 - 1b54?
1bb4
In base 3, what is 0 + -10011202100011?
-10011202100011
In base 12, what is -17 - 3989b7?
-398a12
In base 13, what is 22 - -4808432?
4808454
In base 4, what is 223333131 + 121332?
230121123
In base 12, what is 4351026 - 5?
4351021
In base 12, what is 2bb7 - -1268?
4263
In base 3, what is -100122211102 - 2121?
-100122221000
In base 11, what is -309 + -4464?
-4772
In base 3, what is -2 - 12001101112011?
-12001101112020
In base 13, what is 264bb3 + c6?
264ca9
In base 13, what is -140a - -1b5?
-1225
In base 8, what is 2 - 104372437?
-104372435
In base 6, what is -14350451 - 1120?
-14352011
In base 8, what is 241002310 + 4?
241002314
In base 8, what is 74 - 1651322?
-1651226
In base 10, what is 1170475460 + -4?
1170475456
In base 16, what is 23df220 + -3?
23df21d
In base 11, what is -2 + -a338927?
-a338929
In base 5, what is -10414033103001 - 0?
-10414033103001
In base 14, what is 1015 - -9218d?
931a4
In base 4, what is -10032022 + 112031?
-3313331
In base 7, what is 54 - -3463?
3550
In base 6, what is 22355 + 42453?
105252
In base 13, what is -675 - 2202?
-2877
In base 12, what is -8 + -20b1016?
-20b1022
In base 7, what is 2 - 165415041?
-165415036
In base 10, what is -281 + -52570?
-52851
In base 7, what is -15460 - 100?
-15560
In base 2, what is 10010111011011 - 1101011001110?
101100001101
In base 12, what is -2a8b - 29938?
-30807
In base 2, what is 1001 + 10101110111010001001100000?
10101110111010001001101001
In base 3, what is -1110 - 100021002000?
-100021010110
In base 4, what is -210310202122 - -33?
-210310202023
In base 4, what is 111 + -23120200?
-23120023
In base 14, what is -7ca6 - -1d1b?
-5d89
In base 7, what is -110 + -201402201?
-201402311
In base 4, what is -202 - 2203030310332?
-2203030311200
In base 4, what is -30 - -2311202112?
2311202022
In base 15, what is 2e4 + 9565?
9859
In base 6, what is -23024345 - 24?
-23024413
In base 3, what is -1120101020 + 22222?
-1120001021
In base 8, what is -1026261640 + 2?
-1026261636
In base 15, what is -2ece62 - -5?
-2ece5c
In base 16, what is 17 - 6fb6aa?
-6fb693
In base 3, what is 202212022 - 201?
202211121
In base 7, what is 0 - -511164230?
511164230
In base 13, what is -6523a111 + 5?
-6523a109
In base 3, what is 120 + 1210002200020?
1210002200210
In base 2, what is -1 + -111000001000010001111011?
-111000001000010001111100
In base 14, what is 3 + 7102774?
7102777
In base 3, what is 1120001121000001101 - 0?
1120001121000001101
In base 10, what is 1 + 9139224?
9139225
In base 14, what is -2d9a12d - 4?
-2d9a133
In base 6, what is -2420253003 - -3?
-2420253000
In base 9, what is 27215 - 587?
26517
In base 16, what is 37f18d - -5?
37f192
In base 12, what is 19ab347 + 210?
19ab557
In base 15, what is -dad2 - 266?
-dd48
In base 6, what is 20 - -324412125?
324412145
In base 5, what is 3 - 311233430442?
-311233430434
In base 7, what is -13230505451 - 5?
-13230505456
In base 11, what is -143231 + 90?
-143151
In base 9, what is 0 + -4445863?
-4445863
In base 10, what is -2420 + -31726?
-34146
In base 10, what is 7 + 424747?
424754
In base 7, what is -35661 - 15122?
-54113
In base 7, what is -131154 - 23006?
-154163
In base 15, what is -4 + -5588806?
-558880a
In base 13, what is 1104 - -872?
1976
In base 4, what is -220331022322 + -10?
-220331022332
In base 5, what is 203110 + 10143?
213303
In base 2, what is 1100 + 100011000100011101101110?
100011000100011101111010
In base 8, what is -47567 + -501?
-50270
In base 3, what is 1 - 20011121002122001?
-20011121002122000
In base 5, what is 20 + -23323440?
-23323420
In base 8, what is -124 - 562163?
-562307
In base 10, what is -5028 - 26